Is 20791816469 a composite number?
True
Is 9538733209 a composite number?
True
Is 2456939291 composite?
True
Is 21252971 prime?
True
Is 1913105447 composite?
True
Is 144376919 prime?
False
Is 27233873 composite?
True
Is 122816732095 prime?
False
Is 4202100923 composite?
False
Is 32221460753 composite?
False
Is 33467571421 a composite number?
True
Is 54665194183 composite?
False
Is 2101466207 composite?
False
Is 4647123277 composite?
True
Is 120749159 a composite number?
False
Is 861719297 prime?
False
Is 743322703 composite?
False
Is 3835876409 a prime number?
False
Is 10172090927 composite?
False
Is 382170812701 a prime number?
True
Is 1040259967 prime?
False
Is 6142198747 composite?
True
Is 1173902729 a composite number?
False
Is 745127347 prime?
True
Is 13621794059 a prime number?
True
Is 3330917783 a prime number?
True
Is 116952197 a prime number?
False
Is 21330228611 composite?
False
Is 398197529 composite?
True
Is 8838288817 a prime number?
True
Is 217353511 prime?
False
Is 2084310227 a prime number?
True
Is 319068239 prime?
False
Is 1502860907 prime?
True
Is 12598308161 a composite number?
False
Is 107554229 a composite number?
True
Is 17438192683 composite?
True
Is 14090399489 composite?
False
Is 764115691 composite?
False
Is 20396637785 a composite number?
True
Is 110555243 a prime number?
False
Is 1687841483 composite?
False
Is 8942203 composite?
True
Is 234892812137 a prime number?
True
Is 2418759631 a prime number?
False
Is 20060105623 composite?
False
Is 842369813 a composite number?
False
Is 2203350013 prime?
True
Is 20512960807 composite?
False
Is 2587061117 a prime number?
True
Is 2360485597 a composite number?
False
Is 5402225891 a composite number?
False
Is 3689462321 composite?
False
Is 84381506707 a composite number?
False
Is 3193748009 a prime number?
False
Is 78101287321 prime?
False
Is 3041599199 composite?
True
Is 3349577261 composite?
False
Is 86760851 prime?
True
Is 3814794077 composite?
False
Is 69769409 prime?
True
Is 8069726143 prime?
True
Is 1114998719 prime?
False
Is 28243195007 a prime number?
False
Is 120157441 prime?
False
Is 360326973337 a composite number?
False
Is 1797158333 prime?
False
Is 15857805727 composite?
False
Is 3613265827 composite?
True
Is 39974301613 a composite number?
False
Is 402382223 prime?
True
Is 4321443071 a composite number?
True
Is 99382951 prime?
False
Is 4570420537 prime?
True
Is 3106454539 composite?
False
Is 2786944943 a composite number?
True
Is 96196955 a composite number?
True
Is 27333659713 prime?
False
Is 4498355201 a composite number?
True
Is 739222469 prime?
True
Is 4397006773 prime?
True
Is 2566235423 a prime number?
True
Is 1712450287 composite?
True
Is 13637902513 a composite number?
False
Is 4827172159 a composite number?
False
Is 23993094641 prime?
False
Is 160147359583 a prime number?
True
Is 69045453989 prime?
True
Is 6969967379 a prime number?
True
Is 56914467089 prime?
True
Is 5458973899 composite?
True
Is 53336128319 a composite number?
True
Is 6229238441 prime?
False
Is 768861461 a prime number?
False
Is 467899277 a prime number?
False
Is 12330955029 composite?
True
Is 92945123669 a prime number?
True
Is 78491344901 composite?
False
Is 2815337249 composite?
False
Is 12508587037 prime?
True
Is 98112404729 prime?
False
Is 4760934119 composite?
False
Is 5664089647 prime?
True
Is 8499251671 a composite number?
True
Is 9023010693 composite?
True
Is 118721654411 composite?
False
Is 4065228703 a composite number?
True
Is 936977845 composite?
True
Is 17096787023 a prime number?
True
Is 6716311921 prime?
False
Is 9739187065 prime?
False
Is 497397767 a prime number?
True
Is 2158013227 prime?
True
Is 242018771 composite?
True
Is 130134157217 a prime number?
False
Is 58012391051 prime?
False
Is 18406319 a prime number?
True
Is 1750981273 prime?
True
Is 5614665799 prime?
False
Is 3348507971 a prime number?
True
Is 1745129467 a composite number?
True
Is 10484529127 prime?
False
Is 4987266749 composite?
False
Is 3651845731 prime?
False
Is 1758909013 a composite number?
True
Is 1307479373 prime?
True
Is 6828514543 prime?
True
Is 21651914131 a prime number?
True
Is 50321708681 a prime number?
False
Is 1315366763 a prime number?
True
Is 41621488561 prime?
True
Is 89639051 a prime number?
False
Is 10894073171 a composite number?
False
Is 2423217533 composite?
True
Is 105064901507 a prime number?
True
Is 4301885639 prime?
True
Is 6838295077 composite?
False
Is 2464210379 composite?
False
Is 220848959 a prime number?
False
Is 263919641 prime?
False
Is 651287699 prime?
True
Is 2142850403 prime?
False
Is 234352207 a composite number?
False
Is 8394493397 prime?
True
Is 2131594207 composite?
True
Is 335399594903 a prime number?
True
Is 727565889 prime?
False
Is 4314855151 composite?
False
Is 2020445671 composite?
True
Is 154338109 prime?
False
Is 14840570081 a prime number?
True
Is 2510588569 composite?
True
Is 905246359 composite?
True
Is 1618330121 prime?
False
Is 25852676549 prime?
False
Is 196268327639 a prime number?
False
Is 28363003121 a composite number?
False
Is 111092374433 a prime number?
False
Is 15533176019 composite?
False
Is 372948203 prime?
True
Is 16266202861 a composite number?
True
Is 329035253 composite?
True
Is 152530127 a prime number?
False
Is 40308283 prime?
False
Is 942033113 a prime number?
False
Is 8263964011 a composite number?
False
Is 180154869 a composite number?
True
Is 414813421 a prime number?
False
Is 356063797 prime?
True
Is 33524892613 prime?
True
Is 7430421907 a prime number?
True
Is 233173229 a prime number?
False
Is 1483075171 a composite number?
True
Is 2835601423 composite?
False
Is 10882492919 a prime number?
False
Is 10950900959 composite?
True
Is 220040594893 prime?
False
Is 386927509 composite?
False
Is 238001891 a prime number?
False
Is 58649702393 a composite number?
False
Is 1718902111 a composite number?
True
Is 8394678119 prime?
True
Is 375166481 prime?
True
Is 1150206347 a composite number?
False
Is 100158169927 composite?
False
Is 187027165547 a prime number?
False
Is 263442271 prime?
False
Is 15211783649 a composite number?
True
Is 1946998177 prime?
False
Is 2662139959 a prime number?
False
Is 79085719 a prime number?
True
Is 15379689463 prime?
True
Is 30715586339 prime?
False
Is 8219673937 a composite number?
False
Is 9924314203 composite?
True
Is 1188126029 composite?
True
Is 422405889241 prime?
False
Is 4423202507 composite?
False
Is 8742786079 composite?
False
Is 689197427 prime?
True
Is 1263272327 a composite number?
False
Is 303356953 a composite number?
True
Is 2856130861 a prime number?
True
Is 5109057769 composite?
True
Is 1492223651 a prime number?
True
Is 836458121 composite?
False
Is 353267099 a prime number?
False
Is 3532692991 a prime number?
True
Is 25019441911 composite?
False
Is 235167719 composite?
False
Is 2786458139 prime?
True
Is 618392657 composite?
False
Is 3041339687 a composite number?
False
Is 1056903971 a composite number?
False
Is 97009400213 prime?
False
Is 572356822 composite?
True
Is 115288898 a composite number?
True
Is 76069594297 a prime number?
False
Is 724466203 a prime number?
False
Is 7360853933 a composite number?
True
Is 230447731 prime?
False
Is 375799588753 a prime number?
False
Is 36688361 prime?
False
Is 45266395571 a prime number?
False
Is 470082479 a composite number?
True
Is 1686841901 a composite number?
False
Is 3200477741 composite?
False
Is 3453403583 prime?
False
Is 1318249039 prime?
True
Is 142458731537 prime?
False
Is 37406701 composite?
True
Is 181463879 prime?
True
Is 66268491341 prime?
False
Is 5094648719 prime?
True
Is 1769015161 a prime number?
True
Is 29632173715 a prime number?
False
Is 60040528337 a prime number?
False
Is 374238889 a composite number?
False
Is 1741104797 prime?
False
Is 289724569 a prime number?
True
Is 307061477 prime?
False
Is 22922589533 a prime number?
True
Is 38106153923 a composite number?
True
Is 149238153973 composite?
True
Is 16935828577 prime?
False
Is 3091936479 a prime number?
False
Is 28097722267 a composite number?
False
Is 563119481 composite?
True
Is 1805581889 composite?
False
Is 168262355 prime?
False
Is 80481211 prime?
True
Is 117758776279 a composite number?
False
Is 21795231743 a composite number?
False
Is 4976924587 a prime number